on factor of 29 and k?
29
Suppose 0 = -5*z - 5*j + 62 + 13, 4*z - 4*j = 60. Let v = 0 + z. Calculate the highest common factor of 60 and v.
15
Suppose -y + 0*p + 56 = 5*p, -3*y + 104 = -p. Calculate the highest common factor of y and 396.
36
Let q = -8 + 12. Let r be ((-1)/(-1))/(6/72). Calculate the greatest common divisor of r and q.
4
Let m(z) = 27*z + 4 - 2 - 4 + 3. Let y be m(2). Calculate the highest common divisor of 22 and y.
11
Suppose 0 = -0*u + 2*u + 3*j - 90, 0 = 3*j. Calculate the greatest common divisor of u and 9.
9
Suppose 3*r - 190 = r. Let q be 270/14 - (-20)/(-70). What is the highest common factor of r and q?
19
Suppose 15*z - 20*z = -475. Calculate the highest common divisor of 38 and z.
19
Let v be (-8)/12 + 38/3. What is the greatest common factor of 18 and v?
6
Let t be (-4)/(-8) - (273/(-2) + 2). What is the greatest common divisor of t and 15?
15
Let c(n) = -5*n + 15. Let m be c(4). Let z(q) = 0 + 3*q**2 - 3 - 3 - 3*q. Let k be z(m). What is the greatest common divisor of 28 and k?
28
Let i be 2/6 + (-34)/(-6). Let o = -38 + 53. Calculate the greatest common divisor of o and i.
3
Suppose -3*f + 2*p = -92, 85 + 6 = 3*f - p. What is the highest common factor of 10 and f?
10
Suppose -38 = -7*w + 53. What is the greatest common factor of w and 1?
1
Let i(z) = 7*z + 1. Suppose 20 = 4*a - 3*o, 4*o - 10 - 5 = -3*a. Suppose 6*n - n - a = 0. Let k be i(n). What is the highest common factor of k and 1?
1
Suppose 5*w - 4*x = 63, x + 42 = 4*w + 2*x. Let m(n) = 33*n + 1 - 28*n + 0 + 93*n. Let v be m(1). Calculate the highest common divisor of w and v.
11
Suppose -3*c + 5*p = -26, 3*c - 3*p + 14 = -8*p. Let x = 75 - 80. Let b be (2/(c/x))/(-1). Calculate the greatest common divisor of b and 45.
5
Suppose -4*r + 2186 = -938. Suppose -5*t = -119 - r. Suppose 0 = z - 8 - 12. What is the greatest common divisor of t and z?
20
Let j = 13 + -12. Calculate the highest common divisor of j and 3.
1
Suppose -3*s = -5*o + 93, -2*o = 3*s - 14 - 40. Let k = 11 + -8. Calculate the greatest common divisor of o and k.
3
Suppose 72 = 3*a + f + 3*f, -3*f = 5*a - 109. Calculate the greatest common factor of 10 and a.
10
Suppose 2*s - 2*i = 6, 5*s - 5 = 2*i - 7*i. Let j(l) = l**3 + l**2 + l + 8. Let f be j(0). Calculate the highest common factor of f and s.
2
Let w(g) = -5*g**3 + 2*g**2 + 4*g + 3. Let z be w(-1). What is the highest common factor of z and 30?
6
Let j be (-206)/(-3) - 4/6. Suppose -2*l = 2*f - 70, f = -5*l + j + 107. Suppose -12 + 27 = 3*z. What is the greatest common divisor of l and z?
5
Suppose 0 = -2*z + 5*u + 8 + 35, -2*u = -10. Let h be ((-13)/(-4))/((-2)/(-16)). Let r = 25 + h. What is the highest common factor of z and r?
17
Let l be (-3)/(1 - 4)*0. Let h = -15 - l. Let z be 5/h + 38/6. Calculate the highest common divisor of z and 54.
6
Let l be ((-21)/(-2))/(14/84). Let o be -2*(-3)/6*9. What is the highest common factor of l and o?
9
Suppose 2*j - 8 = -0*j. Suppose -4*g - 20 = j*a, 0 = 2*a + 3*g + 2 + 11. Let u = 3 + a. What is the highest common divisor of 1 and u?
1
Let t(f) be the second derivative of -f**4/6 + 4*f**3/3 + 3*f**2/2 + 7*f. Let d be t(4). Let g = -5 + 8. Calculate the greatest common divisor of g and d.
3
Let s be -2*(-1)/(3 + -2). Suppose 0 = -4*a + 22*a - 144. What is the highest common factor of s and a?
2
Let i = -2 - -2. Let g be i - 0 - (0 + 0). Suppose -2*c - c + 18 = g. Calculate the greatest common factor of 66 and c.
6
Suppose -u + 55 = 5*x, -4*x + 50 = 5*u - 3*u. Suppose -x = -2*z - 0*z. Suppose 3*a = z*a - 176. Calculate the greatest common factor of a and 11.
11
Suppose 0 = -0*b - b + 60. Calculate the highest common factor of b and 12.
12
Let d(v) = v**2 + 11*v - 1. Let f be d(-9). Let y(z) = -35*z - 3. Let o be y(-2). Let t = f + o. Calculate the highest common factor of t and 12.
12
Suppose p - 6*p + 5 = 0. Suppose 25 - p = h. Calculate the highest common factor of h and 8.
8
Suppose -2*m - m + 12 = 0. Calculate the greatest common factor of 16 and m.
4
Let m(g) = -g**3 + 3*g**2 + 2*g - 1. Let p be m(3). Suppose 8*w - 3*w - 70 = 0. Let b be 4/w + 1252/28. What is the highest common factor of b and p?
5
Let x(m) = m**2 - 8*m + 9. Let s be x(-7). Let g = s - 70. Let d(l) = 3*l - 1. Let y be d(4). Calculate the greatest common factor of g and y.
11
Suppose -4*a + 4 = -2*a. Suppose -3*n + 0 = -5*j - a, -2*j = -n. What is the highest common factor of j and 8?
2
Suppose 4*x + 0*x + d - 529 = 0, 5*x - d - 659 = 0. Suppose -s + 12 = -0*s. Calculate the highest common divisor of x and s.
12
Let q(z) = z + 11. Let i be q(12). Suppose -4*h + 26 = 2*x, 4*x - 3*x + 4*h - i = 0. Calculate the highest common divisor of x and 6.
3
Let x = -18 - -19. Calculate the greatest common factor of x and 2.
1
Let t = 349 - 194. Let f = t + -105. Suppose -5*y - 3*h + 38 = -59, 2*y - 43 = 3*h. Calculate the highest common factor of f and y.
10
Let u(n) = n**3 - n**2 + 2*n + 60. Let c be u(0). What is the highest common factor of 15 and c?
15
Suppose -c - 4*h = -26, -5 = -4*c + 5*h + 36. Let a be ((-3)/(-6) - 0)*2. Let g be -3 + a + 132 + -4. Calculate the highest common divisor of c and g.
14
Let f = 13 - 6. Suppose 4*d + 21 = -f. Let x = 10 + d. Calculate the greatest common factor of x and 33.
3
Suppose -3*r + 12 - 573 = 0. Let l be r/(-9) - (-2)/9. What is the highest common divisor of 3 and l?
3
Let m(y) be the first derivative of 34*y**2 - 1. Let t be m(1). Calculate the greatest common divisor of t and 17.
17
Let t(n) = n**2 + 4*n + 3. Let k be t(4). What is the highest common divisor of k and 7?
7
Let d(o) = 10*o - 2. Let v be d(8). Calculate the highest common factor of 26 and v.
26
Suppose -2*p + 95 = 3*p. Suppose 0 = -5*a + r + 26 + p, -17 = a + 5*r. Calculate the greatest common factor of a and 4.
4
Let n(u) = -4*u**2 + 12*u - 13. Let t(i) = 7*i**2 - 23*i + 26. Let f(z) = -5*n(z) - 3*t(z). Let c be f(6). What is the highest common divisor of c and 15?
5
Suppose 8 = -4*z, i + 3*i - 5*z - 290 = 0. Calculate the highest common factor of 20 and i.
10
Let y = -7 + 5. Let x(k) = 6*k**2. Let a be x(y). Let h be (-1 - 0)/((-4)/a). Calculate the highest common factor of 4 and h.
2
Suppose 2*c + 30 = -c. Let w be (0/(-2))/(0 - -1). Let g = w - c. What is the greatest common factor of 4 and g?
2
Suppose 5*u + 11 - 1 = 0, g - 154 = -3*u. Suppose 4*a - 4*s = -9*s + 90, 5*s = -2*a + 50. What is the highest common factor of g and a?
20
Let o(y) = 2*y**2 - y + 6. Let q be o(-10). What is the highest common divisor of 27 and q?
27
Suppose -3*q - 4 = -16. Let z be 16/(-8) - -1*3. What is the highest common factor of q and z?
1
Let t be 41 + -9 + -3 + 0. What is the highest common factor of 232 and t?
29
Let r = -9 - -31. What is the greatest common divisor of r and 132?
22
Let s be ((-5)/(-4))/(15/(-180)). Let q = s + 23. Calculate the highest common divisor of q and 4.
4
Suppose d + d = 3*w + 4, -5*d = w + 24. Let f = d + 6. Let u be f/(-10) + 16/5. Calculate the highest common divisor of u and 1.
1
Let h(j) = -2*j**3 - j**2 - 4*j - 3. Let u be h(-4). Calculate the highest common factor of u and 5.
5
Suppose -20 - 2 = -5*n + 3*a, 3*a + 4 = -4*n. Suppose q + 4*t - 11 = 0, n*t + 2 = q + q. Suppose 11 = 2*m + q. Calculate the highest common factor of m and 44.
4
Suppose -99 - 117 = -6*d. Calculate the highest common divisor of d and 12.
12
Suppose 0 = 3*p - 8*p + 25. Suppose 0 = -p*t + 5 + 50. What is the highest common factor of 11 and t?
11
Let l(v) = v**2 - 3*v + 29. Let g be l(4). Calculate the highest common factor of 11 and g.
11
Suppose x = a + 4, -5*x + a + a = -17. Suppose x*t - 6*t = -21. What is the greatest common factor of t and 7?
7
Let q = -24 - 60. Let s = 120 + q. Calculate the highest common divisor of s and 12.
12
Let c(w) = -2*w - 6. Let q(o) = -o**2 - 7*o - 9. Let z be q(-7). Let p be c(z). What is the greatest common divisor of p and 12?
12
Let h be ((-3)/6)/(2/(-4)). Let s be 0 + 1 - 1/h. Suppose -p - 2*k + 15 = -s*k, k - 11 = -p. Calculate the greatest common factor of 1 and p.
1
Suppose 2*t = -0*t + 2. Let q be ((-1)/(-2))/(t/120). Suppose -85*b - 12 = -86*b. What is the greatest common factor of b and q?
12
Let h(v) = v**2 - 13*v + 7. Let f be h(10). Let g = f - -43. Calculate the highest common di